{"id":230,"date":"2025-11-27T11:59:17","date_gmt":"2025-11-27T14:59:17","guid":{"rendered":"https:\/\/donboscobariloche.edu.ar\/sitio2025\/?page_id=230"},"modified":"2025-12-10T09:47:33","modified_gmt":"2025-12-10T12:47:33","slug":"sistema-preventivo","status":"publish","type":"page","link":"https:\/\/donboscobariloche.edu.ar\/sitio2025\/sistema-preventivo\/","title":{"rendered":"SISTEMA PREVENTIVO DE DON BOSCO"},"content":{"rendered":"\n<p>El Colegio DON BOSCO es una Escuela Cat\u00f3lica Salesiana.&nbsp;<\/p>\n\n\n\n<p>Por ser escuela, pretende la formaci\u00f3n integral y permanente del hombre, capaz de dirigir su conducta en funci\u00f3n de su destino trascendente, como protagonista, creador, cr\u00edtico y transformador de la sociedad en que vive, al servicio del bien com\u00fan, conforme con los valores cristianos y humanos \u2013 iluminados por el evangelio<\/p>\n\n\n\n<p>Por ser Cat\u00f3lica, su proyecto educativo se define por su referencia a Jesucristo y su Evangelio.&nbsp; CRISTO ES EL FUNDAMENTO DE NUESTRA ESCUELA.&nbsp; Se pretende arraigarlo en la conciencia y en la vida de quienes se integran a ella. La educaci\u00f3n cristiana tiende a conseguir que el alumno tome mayor conciencia del don de su fe y considere a los dem\u00e1s como hermanos. Para obtener estos fines tiene insustituible importancia la Catequesis, los retiros, las convivencias y las clases semanales de Cultura Religiosa.&nbsp;<\/p>\n\n\n\n<p>Por ser salesiana, se inspira en el \u00ab<strong>SISTEMA PREVENTIVO DE DON BOSCO<\/strong>\u00ab. El mismo, se basa en tres elementos fundamentales: RAZ\u00d3N, RELIGI\u00d3N y AMABILIDAD.<\/p>\n\n\n\n<h2 class=\"wp-block-heading\"><strong><br><\/strong><strong>Sistema Preventivo<\/strong><\/h2>\n\n\n\n<p>La propuesta pedag\u00f3gica del Colegio Don Bosco se inspira en el <strong>Sistema Preventivo de San Juan Bosco<\/strong>, una visi\u00f3n educativa que pone al joven en el centro del proceso formativo y busca anticiparse a los conflictos a trav\u00e9s del acompa\u00f1amiento, el respeto y el v\u00ednculo significativo entre educadores y estudiantes.<\/p>\n\n\n\n<p>Este enfoque, desarrollado por Don Bosco en el siglo XIX, se basa en tres pilares fundamentales:<\/p>\n\n\n\n<ul class=\"wp-block-list\">\n<li><strong>Raz\u00f3n<\/strong>: Promovemos un ambiente donde las normas son claras y comprensibles. Se estimula el pensamiento cr\u00edtico y el di\u00e1logo, entendiendo la autoridad como servicio y gu\u00eda.<\/li>\n\n\n\n<li><strong>Religi\u00f3n<\/strong>: Fomentamos el desarrollo espiritual y \u00e9tico de nuestros estudiantes, acompa\u00f1\u00e1ndolos en la construcci\u00f3n de una vida con sentido, arraigada en valores cristianos y humanos.<\/li>\n\n\n\n<li><strong>Amorevolenzza<\/strong>: el v\u00ednculo educativo se construye desde una <strong>presencia cercana, firme y respetuosa<\/strong>, que genera un clima de confianza mutua y pertenencia.<\/li>\n<\/ul>\n\n\n\n<p>El Sistema Preventivo no es solo una metodolog\u00eda; es un estilo de presencia educativa que construye comunidad y fortalece la convivencia. Apostamos a un clima institucional donde la <strong>alegr\u00eda, el respeto, el compromiso y la participaci\u00f3n<\/strong> son parte del d\u00eda a d\u00eda.<\/p>\n\n\n\n<p>Este enfoque requiere una actitud activa por parte del educador, que no solo ense\u00f1a, sino que acompa\u00f1a, escucha y anima. A trav\u00e9s de esta cercan\u00eda, buscamos <strong>formar personas \u00edntegras<\/strong>, comprometidas con su entorno y preparadas para transformar la realidad desde una mirada de an\u00e1lisis y solidaria.<em>\u00abLa educaci\u00f3n es cosa del coraz\u00f3n.\u00bb<\/em><br>\u2014 San Juan Bosco<\/p>\n","protected":false},"excerpt":{"rendered":"<p>El Colegio DON BOSCO es una Escuela Cat\u00f3lica Salesiana.&nbsp; Por ser escuela, pretende la formaci\u00f3n integral y permanente del hombre, capaz de dirigir su conducta en funci\u00f3n de su destino&#8230;<\/p>\n","protected":false},"author":3,"featured_media":0,"parent":0,"menu_order":0,"comment_status":"closed","ping_status":"closed","template":"","meta":{"_kadence_starter_templates_imported_post":false,"_kad_post_transparent":"default","_kad_post_title":"","_kad_post_layout":"","_kad_post_sidebar_id":"","_kad_post_content_style":"","_kad_post_vertical_padding":"","_kad_post_feature":"","_kad_post_feature_position":"","_kad_post_header":false,"_kad_post_footer":false,"_kad_post_classname":"","footnotes":""},"class_list":["post-230","page","type-page","status-publish","hentry"],"_links":{"self":[{"href":"https:\/\/donboscobariloche.edu.ar\/sitio2025\/wp-json\/wp\/v2\/pages\/230","targetHints":{"allow":["GET"]}}],"collection":[{"href":"https:\/\/donboscobariloche.edu.ar\/sitio2025\/wp-json\/wp\/v2\/pages"}],"about":[{"href":"https:\/\/donboscobariloche.edu.ar\/sitio2025\/wp-json\/wp\/v2\/types\/page"}],"author":[{"embeddable":true,"href":"https:\/\/donboscobariloche.edu.ar\/sitio2025\/wp-json\/wp\/v2\/users\/3"}],"replies":[{"embeddable":true,"href":"https:\/\/donboscobariloche.edu.ar\/sitio2025\/wp-json\/wp\/v2\/comments?post=230"}],"version-history":[{"count":3,"href":"https:\/\/donboscobariloche.edu.ar\/sitio2025\/wp-json\/wp\/v2\/pages\/230\/revisions"}],"predecessor-version":[{"id":302,"href":"https:\/\/donboscobariloche.edu.ar\/sitio2025\/wp-json\/wp\/v2\/pages\/230\/revisions\/302"}],"wp:attachment":[{"href":"https:\/\/donboscobariloche.edu.ar\/sitio2025\/wp-json\/wp\/v2\/media?parent=230"}],"curies":[{"name":"wp","href":"https:\/\/api.w.org\/{rel}","templated":true}]}}